ighest common divisor of z and 4.
4
Let c be (0/(-5))/(-5) + 14. Let g = 32 - -94. What is the highest common factor of c and g?
14
Let h be 3 + 3/(-9)*0. Suppose -h*m + 70 = 2*m. What is the highest common factor of 70 and m?
14
Suppose -4*z = 4*y + 492, 70 = -y - 2*z - 50. Let l = y - -423. Calculate the highest common divisor of l and 33.
33
Let c be 2*1 + -6 + 22. What is the highest common factor of 18 and c?
18
Let v(o) = -21*o + 2. Let w be v(-1). Calculate the greatest common factor of w and 184.
23
Suppose f - 3 = -a, 3*a = 4*f - 0*a - 12. Let s be (1 + -37)*f/(-6). Calculate the greatest common factor of s and 9.
9
Suppose -2*c + 875 = 3*c. Suppose -2*t + 74 = -0*t - 2*k, 5*k - c = -4*t. Let l be -20*((-8)/10 - 27/(-90)). Calculate the greatest common divisor of t and l.
10
Let h = 68 + 4. What is the greatest common divisor of h and 8?
8
Let o = 105 + -97. Calculate the highest common divisor of o and 200.
8
Let c = -6 - -18. Let o be 3*1*(7 - 1). What is the highest common divisor of c and o?
6
Suppose 5*t - 7*k - 85 = -2*k, -3*k - 19 = -t. What is the greatest common divisor of t and 144?
16
Suppose 4*f = 5*u - 17, -2*f + 5*u = 7 + 14. Suppose -m = f*m - 6. Let o(c) = 3*c**2 + 3*c - 1. Let h be o(m). What is the highest common factor of h and 153?
17
Suppose w - 2*k + 6*k = 19, 4*w - k = 8. Suppose -177 = -w*o - 4*c, 2*c = -5*o - 0*c + 309. Calculate the highest common factor of o and 21.
21
Let l be (-48)/(-6) + (-1 - 0). Suppose 8 = l*p - 5*p. What is the highest common divisor of 2 and p?
2
Suppose 84 = 4*u + 4*s + 28, s + 46 = 4*u. Let q be (-4)/3*-4*u. Calculate the greatest common factor of 16 and q.
16
Let a(y) = y**2 + y - 2. Let l be a(-3). Suppose 0 = -s + l + 1. Suppose 0 = r - 5*r + 140. What is the highest common divisor of s and r?
5
Let u(h) = h**3 - 12*h**2 + h - 7. Let i be u(12). Calculate the greatest common divisor of i and 25.
5
Let t(w) = 4*w - 2 + 2 - 3*w + 5. Let j be t(-4). Suppose 3*k - 2 + 4 = -p, 0 = 4*p - 3*k - 7. Calculate the greatest common divisor of p and j.
1
Let v be (-6)/(-15) - 2492/(-20). Suppose -4*f - f = -v. What is the greatest common divisor of 200 and f?
25
Let d = 183 - 132. What is the greatest common factor of d and 17?
17
Let o = -22 + 28. What is the greatest common divisor of o and 54?
6
Suppose -2*b = 5*a + 3 - 14, -5*a = 5*b - 20. Calculate the greatest common factor of b and 33.
3
Let p = 18 - 8. Suppose -m = -6*m + p. Calculate the highest common divisor of 10 and m.
2
Let s = 133 + -122. Calculate the greatest common divisor of s and 11.
11
Suppose -n + 4*h = 13 - 49, -5*h = -10. Suppose -3*z = -z + 3*u - 11, -5*u = -z - 1. Let o be 8*(-2 + 10/z). What is the greatest common divisor of n and o?
4
Let y = 0 - -8. Let b be 3/(-18) + 1353/18. Let h = b + -11. What is the greatest common factor of y and h?
8
Suppose 1 + 25 = 2*c. Calculate the highest common divisor of c and 65.
13
Let c be 3*4/6 + -25. Let a = c + 55. Let u(d) = -d**3 - 5*d**2 + 4*d - 4. Let n be u(-6). Calculate the highest common divisor of a and n.
8
Let o be -2*(3 + (-11)/2). Let l(y) = 2*y + 11. Let g be l(o). Calculate the highest common factor of 3 and g.
3
Let f(n) = n**3 - 19*n**2 - 20*n + 4. Let a be f(20). What is the highest common factor of 36 and a?
4
Let k be 1/((-4)/(-10))*(-234)/(-15). Calculate the highest common divisor of k and 117.
39
Let r be (-1)/((0 - 3) + 4). Let x be r + 2 - (0 - 8). What is the greatest common divisor of 9 and x?
9
Let f(n) be the first derivative of -17*n**4/4 - n**3/3 - n**2/2 + 1. Let y be f(-1). What is the highest common factor of 34 and y?
17
Let c = 5 + 88. Calculate the highest common divisor of 62 and c.
31
Let x(h) = -7*h + 9 - 2 - 4 + 10. Let z be x(-6). Suppose -3*u + 110 = 2*u. What is the highest common divisor of z and u?
11
Let u(r) = 3*r**2 - 8*r + 9. Let g be u(4). Calculate the highest common divisor of g and 125.
25
Suppose 0 = q - 20 + 18. Let r be (-4)/q*(3 + -7). Calculate the highest common factor of r and 32.
8
Suppose -3*v - 5 - 10 = 0. Let f = v - -21. Let h be 192/9*(-6)/(-4). What is the highest common factor of h and f?
16
Suppose 0 = s - 6 + 5. Calculate the highest common divisor of s and 9.
1
Let z(m) = 16*m**3 + m**2 - 2*m - 1. Let j be z(2). Let t be (-3895)/55 - 8/44. Let u = t + j. What is the highest common factor of u and 7?
7
Suppose 0 = -5*i + 3*j + 28, -5*i + 3*j + 24 = -j. Let p be -1 + 2 + 71 + 0. Suppose 2*r + p = 3*r. What is the highest common factor of i and r?
8
Let t = -18 - -26. Let c = -45 - -77. Calculate the greatest common factor of t and c.
8
Suppose -4*d = -m - 0*m, 4*m + d - 17 = 0. Let s(l) = l**3 + 7*l**2 + 11*l + 6. Let p be s(-4). Calculate the greatest common divisor of m and p.
2
Let g be (-2 - -82) + (1 - 1). Let r(x) = -6*x + 16. Let n be r(1). Calculate the greatest common divisor of g and n.
10
Let c = 117 + -109. What is the greatest common divisor of c and 8?
8
Let c(a) = 3*a - 3. Let m be c(9). Suppose -3*r = r - m. Suppose -42 = -2*b + 2*s - r*s, 2*s - 66 = -4*b. Calculate the greatest common divisor of 10 and b.
5
Suppose 0 = 6*m - 2*m - 360. Suppose -2*c + 3*r = -m, r + 4*r - 122 = -2*c. What is the highest common divisor of 17 and c?
17
Suppose 2*c + v - 286 = 0, 4*c = 5*v + 77 + 495. What is the greatest common divisor of c and 13?
13
Suppose -2*d - 3 = -3*d, 4*k + d = 35. What is the greatest common divisor of 48 and k?
8
Let x(y) = -y**2 - 9*y. Let g be x(-6). Suppose 2*p = -m - 1 + 4, 2*p - g = 4*m. Let f be (2*m)/(2/(-5)). Calculate the greatest common divisor of f and 105.
15
Let j(i) = -i**3 + 6*i**2 + 6. Let d be j(6). Let h be (10/6)/(2/d). Suppose 538 = h*m + 198. What is the highest common divisor of 17 and m?
17
Let a(x) = -x**3 - 2*x**2 + 2*x + 7. Let f be a(-5). Suppose -f = -2*u + 120. Let l(c) = -2*c. Let z be l(-6). What is the greatest common factor of z and u?
12
Let d(j) = j**3 - 5*j**2 + 3*j - 5. Let l be d(5). Suppose 129 = h + 39. What is the greatest common divisor of h and l?
10
Let v be 16 - 0 - (-6)/(-3). What is the highest common divisor of v and 14?
14
Let q be -15*((-80)/6 + -2). What is the highest common divisor of q and 23?
23
Let u = -5 - -77. Calculate the highest common factor of u and 36.
36
Suppose -45 = 4*x - 249. Let d = x - -4. Let g be (-10)/1*2/(-4). What is the greatest common factor of d and g?
5
Suppose 0 = m + 4, 5*b - 5*m + 2*m - 97 = 0. Let l be b/(-1)*(-5 + 4). Calculate the highest common divisor of l and 17.
17
Let f(w) = w - 6. Let v be f(6). Let y = v + 6. Let z be (y/(-6))/(1/(-2)). What is the highest common factor of z and 2?
2
Let w(z) = z**3 - 10*z**2 + 3*z + 5. Let r = -14 - -8. Let g(d) = -1. Let b(c) = r*g(c) - w(c). Let m be b(9). Calculate the highest common factor of m and 5.
5
Suppose -3*w - 101 = -3*j + 2*w, 0 = -5*j - 5*w + 235. Calculate the highest common factor of 105 and j.
21
Let c be ((-6)/7)/(5/(-35)). What is the highest common factor of c and 6?
6
Let u(f) = f + 8. Let b be u(5). What is the greatest common divisor of b and 52?
13
Let x = 20 - 16. Suppose s = -x*s + 140. What is the highest common divisor of 4 and s?
4
Let x be (-1 - (-2 - 2))*(-4)/(-3). Calculate the highest common factor of x and 36.
4
Suppose 0 = 2*c + c - 18. Let v = c + 12. What is the highest common divisor of v and 90?
18
Let g be (-98)/(-4) - 1/2. Let p = 7 + -7. Suppose -2*c + 12 = -p*c. What is the greatest common divisor of g and c?
6
Let y(t) = 2*t**2 + 5*t - 7. Let l be y(-5). Suppose -45 = 52*j - 57*j. What is the highest common factor of j and l?
9
Let w = -15 + 67. Calculate the greatest common factor of 572 and w.
52
Let x = -2 + 2. Suppose 13 = c - x*m + 3*m, c - 16 = -4*m. Calculate the highest common factor of c and 2.
2
Let y = -104 - -155. What is the highest common factor of 17 and y?
17
Suppose 2*s - 35 = -5*m, -s = -2*m - 4*s + 25. Suppose -2*k - 3*z + 357 = 0, m*k + 2*z + 3*z = 895. What is the greatest common factor of 20 and k?
20
Let w = -9 + 6. Let m(x) = -x**3 - 7*x**2 - 8*x - 6. Let s be m(-5). Let l be (-2 + s)/(-2) + w. Calculate the greatest common factor of l and 6.
6
Let k(q) = -21*q + 6. Let c be k(-4). What is the highest common factor of c and 18?
18
Let c be 18/4 + (-13)/(-26). Let l(i) = 2*i**2 - 3*i. Let 